s w(2)?
12
Let p(o) = 36*o**3 + 2*o**2 + 2*o - 2. Give p(2).
298
Let q(v) = 8*v**2 + 50*v + 32. What is q(-5)?
-18
Let d(k) = -5*k - 16. What is d(26)?
-146
Let x(w) = 585*w + 377. What is x(-1)?
-208
Let f(z) = 1046*z - 35551. What is f(34)?
13
Let z(d) = -146*d - 8012. What is z(-56)?
164
Let a(x) = -x**3 - 54*x**2 - 135*x + 916. Give a(-51).
-2
Let x(o) = -467*o + 24726. Give x(53).
-25
Let t(j) = -38*j + 3392. Calculate t(91).
-66
Let q(w) = -w**2 + 56*w + 30530. Give q(205).
-15
Let c(d) = 35*d - 3264. Calculate c(99).
201
Let r(t) = 417*t + 1217. Determine r(-3).
-34
Let f(b) = 67*b + 158. What is f(-5)?
-177
Let i(d) = 20*d - 523. What is i(44)?
357
Let v(t) = -17*t**2 - 156*t - 19. Give v(-9).
8
Let v(o) = -26*o + 1626. Give v(47).
404
Let c(o) = 10*o**3 + o**2 + 12*o + 15. Give c(-2).
-85
Let h(c) = 99*c**2 - 693*c - 3. Calculate h(7).
-3
Let m(b) = -16*b - 167. Calculate m(-12).
25
Let a(q) = 9*q**2 + 144*q - 11. Determine a(-16).
-11
Let z(w) = 2*w**2 - 9*w - 1322. What is z(28)?
-6
Let r(k) = -41*k + 1562. Calculate r(37).
45
Let b(y) = -313*y - 57. Calculate b(-2).
569
Let a(n) = -13*n**2 + 14*n + 198. What is a(-4)?
-66
Let o(f) = -f**3 + 56*f**2 + 7*f - 15. Calculate o(0).
-15
Let l(k) = 247*k**3 + 78*k + 78. Calculate l(-1).
-247
Let z(i) = 3*i**2 + 45*i - 401. Determine z(6).
-23
Let c(b) = -b**3 - 17*b**2 + 4*b + 65. What is c(-17)?
-3
Let d(j) = 50*j**2 + 21399*j - 421. Calculate d(-428).
7
Let f(h) = -668*h - 106. Give f(0).
-106
Let y(a) = a**2 - 230. Calculate y(0).
-230
Let j(r) = -r**2 + 251*r + 1580. Determine j(-6).
38
Let w(y) = -2*y**2 - 20*y + 114. What is w(5)?
-36
Let m(d) = -1741*d + 10438. Give m(6).
-8
Let y(j) = -9*j**2 - 4*j + 10. Calculate y(-3).
-59
Let r(j) = -j**2 - 1082*j + 5425. Calculate r(5).
-10
Let q(j) = 11*j**2 + 573*j + 72. Give q(-52).
20
Let u(b) = 31*b - 196. Calculate u(3).
-103
Let z(g) = 7*g + 462. What is z(-23)?
301
Let c(h) = h**3 + 155*h**2 - 29*h - 4501. Determine c(-155).
-6
Let a(u) = 6*u**2 - 15*u. Determine a(2).
-6
Let n(o) = 317*o - 3576. Give n(11).
-89
Let y(v) = v**2 + 39*v + 385. Calculate y(-19).
5
Let r(u) = u**3 - 47*u**2 + 394*u + 82. Calculate r(36).
10
Let f(z) = 3*z**2 + 303*z + 1718. What is f(-6)?
8
Let a(n) = -179*n + 2511. Determine a(14).
5
Let t(p) = -72*p + 1379. Determine t(19).
11
Let y(l) = l**2 - 130*l - 4617. Give y(-29).
-6
Let j(n) = 7*n**2 + 619*n + 308. Calculate j(-88).
44
Let a(r) = 66*r + 34. Determine a(-1).
-32
Let f(u) = 557*u + 8359. Determine f(-15).
4
Let k(u) = 18*u**2 + 100*u - 208. What is k(2)?
64
Let x(n) = -11*n + 110. Calculate x(10).
0
Let j(i) = 3*i**3 - 60*i**2 + 62*i - 14. Calculate j(19).
81
Let j(l) = -3410*l - 27291. Determine j(-8).
-11
Let k(j) = 4*j**3 + 48*j**2 + 3. Calculate k(-12).
3
Let z(q) = 155*q**2 + 6*q - 4. Calculate z(1).
157
Let t(p) = 57*p**2 + 765*p + 6. Calculate t(-13).
-306
Let o(n) = -n**3 - 36*n**2 - 260*n + 4. Calculate o(-26).
4
Let d(o) = -o**2 - 24*o + 372. Determine d(-35).
-13
Let s(n) = -5*n**2 - 20*n - 72. Calculate s(-8).
-232
Let z(i) = 3577*i + 110889. Calculate z(-31).
2
Let p(h) = 12*h + 148. Calculate p(-10).
28
Let m(v) = -82*v - 11. Determine m(-1).
71
Let l(g) = -g**3 + 40*g**2 + g - 17. Determine l(40).
23
Let v(f) = 3*f**3 + 11*f**2 + 15*f + 170. Give v(-5).
-5
Let j(c) = c**3 - 30*c**2 + 55*c + 46. Determine j(28).
18
Let a(m) = -m**3 + 34*m**2 + 8*m + 79. Determine a(34).
351
Let o(x) = 6*x**2 - 72*x + 220. Calculate o(6).
4
Let j(q) = -18*q - 700. What is j(-42)?
56
Let a(t) = t**3 - 47*t**2 - 2*t + 87. What is a(47)?
-7
Let u(a) = -242*a**2 + 3*a - 4. Calculate u(1).
-243
Let j(n) = 92*n - 1468. Determine j(16).
4
Let d(k) = -19*k**3 - 152*k**2 + 23*k + 179. Calculate d(-8).
-5
Let p(o) = -o**3 + 34*o**2 + 47*o + 207. What is p(35)?
627
Let l(i) = -i**2 + 24*i + 135. What is l(22)?
179
Let b(i) = 3815*i + 45793. Give b(-12).
13
Let b(j) = 3*j**3 + 7*j**2 + 13*j + 9. Give b(-2).
-13
Let v(g) = -g**2 - 524*g - 1047. Calculate v(-2).
-3
Let d(j) = -5*j**2 - 101*j + 36. Give d(-19).
150
Let y(p) = -p**3 - 3*p**2 + 34*p + 138. Calculate y(-5).
18
Let b(n) = 127*n + 134. Calculate b(-1).
7
Let d(c) = -25*c - 209. What is d(-8)?
-9
Let v(j) = -182*j**2 - 367*j - 1. Determine v(-2).
5
Let c(l) = -433*l - 4386. Calculate c(-10).
-56
Let z(p) = 4*p**2 + 96*p + 430. What is z(-18)?
-2
Let h(z) = -30*z**2 + 5*z - 326. Calculate h(0).
-326
Let g(s) = 3*s**3 + 10*s**2 - 15*s + 46. Determine g(-5).
-4
Let p(l) = 31*l - 2568. What is p(83)?
5
Let u(i) = 27*i**2 - 453*i - 74. Give u(17).
28
Let f(k) = -3*k**2 - 14*k - 2. What is f(-6)?
-26
Let i(d) = 60*d**2 - 2*d - 3. Calculate i(1).
55
Let l(m) = 2*m**2 + 268*m + 7491. Give l(-95).
81
Let f(x) = -x**3 - 4*x**2 + 28*x + 61. What is f(-6)?
-35
Let f(n) = -n**3 - 28*n**2 - 106*n + 189. Give f(-23).
-18
Let l(n) = -4*n**3 + 10*n**2 + 8*n - 2. What is l(-2)?
54
Let v(n) = 62*n**2 - 21*n - 3. Calculate v(1).
38
Let m(o) = -o**3 - 15*o**2 - 16*o - 12. Give m(-14).
16
Let s(m) = -m**3 - m**2 + 12*m - 57. Determine s(3).
-57
Let j(z) = -z**3 + 44*z**2 - 15*z + 231. Give j(44).
-429
Let p(z) = -z**2 - 34*z - 270. What is p(-21)?
3
Let w(c) = -3*c**3 - 22*c**2 - 10*c - 27. Determine w(-7).
-6
Let i(u) = -4*u**2 + 42*u + 7. Give i(11).
-15
Let j(p) = -p**2 - 7*p + 24. What is j(-7)?
24
Let y(i) = -103*i - 913. What is y(-10)?
117
Let l(p) = -6*p**3 + 9*p**2 + 40*p + 30. Determine l(-1).
5
Let g(n) = n**3 - 51*n**2 + 497*n - 129. Give g(38).
-15
Let m(t) = -t**3 + 83*t**2 + 76*t + 676. What is m(84)?
4
Let p(s) = 7419*s + 22271. What is p(-3)?
14
Let q(t) = -36*t + 1800. What is q(50)?
0
Let s(m) = -m**2 + 23*m - 50. Determine s(24).
-74
Let v(d) = -d**3 - 10*d**2 + d - 17. Give v(-10).
-27
Let k(j) = -9*j**2 - 2*j - 25. Give k(5).
-260
Let m(j) = 3*j**3 - 24*j**2 + 4*j - 22. Determine m(8).
10
Let o(i) = -5*i**3 + 645*i**2 - 6*i + 736. Give o(129).
-38
Let z(p) = -1080*p + 1014. What is z(1)?
-66
Let x(i) = -1353*i - 59516. Calculate x(-44).
16
Let b(r) = 29*r**3 + 3*r**2 + r - 3. Give b(1).
30
Let c(s) = -7*s**3 + 38*s**2 - 11*s - 6. Calculate c(5).
14
Let l(h) = -1117*h - 17861. What is l(-16)?
11
Let s(h) = h**2 + 558*h + 8676. Give s(-16).
4
Let t(x) = x**3 + 19*x**2 - 42*x + 44. What is t(-21)?
44
Let d(b) = -6*b + 143. Determine d(-15).
233
Let w(d) = 2*d**3 - 166*d**2 + 2*d + 115. What is w(83)?
281
Let f(x) = -108*x - 6037. What is f(-56)?
11
Let v(a) = -64*a - 291. What is v(-5)?
29
Let q(a) = -274*a - 1681. Give q(-6).
-37
Let b(w) = 8*w**3 - 108*w**2 - 1745*w - 75. Give b(23).
-6
Let b(c) = 4*c**3 + 33*c**2 + 14*c + 48. What is b(-8)?
0
Let l(j) = -374*j - 2532. Calculate l(-7).
86
Let m(u) = -u**3 - 79*u**2 + 2*u + 152. Give m(-79).
-6
Let d(p) = 933*p - 5622. Determine d(6).
-24
Let s(x) = -216*x + 14670. Calculate s(68).
-18
Let j(n) = n**3 + 27*n**2 + 49*n + 627. Determine j(-26).
29
Let y(i) = 202*i + 696. Calculate y(-3).
90
Let h(b) = 90*b + 4584. Calculate h(-51).
-6
Let y(d) = 2*d**2 - 104*d - 43. What is y(45)?
-673
Let j(d) = -20605*d + 247258. What is j(12)?
-2
Let v(j) = -6*j**3 - 169*j**2 - 28*j + 7. Calculate v(-28).
7
Let d(q) = -6*q - 57. Calculate d(11).
-123
Let y(j) = -j**2 - 20*j + 12. Give y(-8).
108
Let x(s) = s**2 + 75*s - 3308. What is x(-107)?
116
Let b(a) = -a**2 + 43*a - 405. What is b(28)?
15
Let c(j) = j**3 - 45*j**2 + 394*j - 1. Calculate c(14).
-561
Let q(i) = -412*i + 1642. Determine q(4).
-6
Let z(r) = 3*r**2 + 17*r + 6. Determine z(-7).
34
Let d(c) = -47*c - 798. Determine d(-17).
1
Let x(h) = h**2 - 68*h + 769. Calculate x(30).
-371
Let x(s) = s**2 + 830*s - 9244. Give x(11).
7
Let o(l) = -168*l + 8929. Determine o(53).
25
Let t(u) = -266*u + 316. Determine t(2).
-216
Let p(s) = -86*s + 4522. Calculate p(52).
50
Let y(b) = -870*b - 19145. What is y(-22)?
-5
Let z(c) = 120*c - 19435. Calculate z(162).
5
Let n(g) = 89*g - 319. Calculate n(3).
-52
Let p(i) = -8*i + 170. Give p(7).
114
Let d(q) = 2*q**3 - 45*q**2 + 23*q - 1064. Determine d(23).
-6
Let h(l) = -l**2 + 491*l - 6217. What is h(13)?
-3
Let d(o) = -15*o - 655. Determine d(-53).
140
Let o(a) = a**3 - 54*a**2 + 96*a + 31. Calculate o(52).
-385
Let i(p) = 304*p**2 + 312*p + 2. What is i(-1)?
-6
Let g(f) = 249*f**3 + 1245*f**2 - f - 5. Determine g(-5).
0
Let